 2 + 2*x. Give c(9).
17
Let z(f) be the third derivative of -f**6/120 - f**5/20 + f**4/4 + f**3/3 + 48*f**2. Give z(-5).
22
Suppose 2*k - 3*k + 3*v = -12, -5*v = -5*k + 20. Let s be k + 2 + -5 - -11. Let d(u) = 5*u**2 - 6*u + s - 5*u + 4*u - 4*u**2. What is d(6)?
2
Let z(d) = -d + 10. Let l(n) be the second derivative of n**2/2 + 2*n. Let v(y) = l(y) + z(y). Suppose 3*g - 1 - 14 = 0. Determine v(g).
6
Let y(r) = -4*r**3 + r**2 + 2*r. Let s(t) = 5*t**3 - t**2 - 3*t + 1. Let g(m) = 3*s(m) + 4*y(m). Give g(2).
-3
Let g(d) = d**2 + 1. Suppose -z - r - r + 1 = 0, 4*z = -4*r - 4. Let i(x) = -2*x**2 + 2*x - 2. Let w(t) = z*g(t) - i(t). Let v = -7 + 4. Determine w(v).
-4
Let c(k) = -1. Let t(g) = -10*g - 4. Let j(p) = 3*c(p) - t(p). Suppose -17 = a + 32. Let f = a + 48. Calculate j(f).
-9
Let j(g) be the first derivative of 0*g + 13/2*g**2 + 5. Give j(1).
13
Let h(j) be the second derivative of 0 + 2*j + 3*j**2 - 1/3*j**3 - 1/8*j**4 - 1/60*j**5. Let r(g) be the first derivative of h(g). Calculate r(-4).
-6
Let i be 15*(1 + 4/(-6)). Let p(o) be the first derivative of 2 + o - 5*o**2 - 3 - i. Calculate p(1).
-9
Let y = -83 - -87. Let f(a) = -2*a**3 + 7*a**2 - 5*a. Calculate f(y).
-36
Let s = 19 - 39. Let n be -3*1/5 + (-192)/s. Let g(v) = -v**2 + 10*v - 5. Give g(n).
4
Let x(p) = -p + 9. Let q = 4 - 1. Suppose q = 3*w - h, -w + 0*w + 15 = -5*h. Determine x(w).
9
Let k(l) = 2*l + 7. Let f = 51 - 11. Suppose 4*n = 5*d - 34, -f = 5*n - 4*d - d. Determine k(n).
-5
Suppose 5*d - d - 3*j + 14 = 0, 9*d = -j - 16. Let u(n) be the third derivative of -n**5/15 - 2*n**2. Give u(d).
-16
Let d(l) = l + 14. Let f = 35 - 32. Suppose -f*q - 23 = 3*w + w, 3*q = 2*w - 29. Give d(q).
5
Let s(o) = -1 + 5*o - o + 4 - 6*o. What is s(-5)?
13
Let i(k) be the first derivative of -k**2/2 + 5*k - 114. Determine i(-4).
9
Let v = -1 - 43. Let c be 3/15 - (-5 - v/20). Let p(u) = u - 4. Determine p(c).
-1
Let w(z) = -1. Let d(k) = -k**2 + 14. Let u(b) = d(b) + 5*w(b). Suppose 29*m - 21*m = 0. What is u(m)?
9
Suppose -41*v - 9 = -38*v. Let s = 7 + v. Let w(g) = -2*g**2 + 5*g + 4. Calculate w(s).
-8
Suppose 270 = 17*l + l. Let c(y) = y**3 - 16*y**2 + 14*y + 6. Give c(l).
-9
Let b(s) = 5 - 4 - 15*s - 5*s**2 + s**2 + 1 + 14*s. Give b(-2).
-12
Let p(q) = 2*q**2 + 3*q + 4. Let t = -30 + 27. What is p(t)?
13
Let h = -141 - -140. Let p(b) = 37*b**2 - 2*b - 1. What is p(h)?
38
Suppose 0 = -5*f - 2*y - y + 40, -2*y - 10 = 0. Let r(x) = 15*x - 6*x - f*x. Calculate r(-1).
2
Let m(d) = 14*d - 18. Let f(h) = -12*h + 14. Let k(n) = 4*f(n) + 3*m(n). Give k(-3).
20
Let z be 56/21 - 2/(-6). Let v(d) = z + 6*d + 3 + d**2 - 1. Let s(y) = y + 2. Let x be s(-6). Give v(x).
-3
Let v be 2*4/(-4) + 6 + 0. Let c(d) = d. Let i(w) = 3*w + 7. Let k(q) = v*c(q) - i(q). Let n be (0/((-2)/1))/(-2). What is k(n)?
-7
Suppose 5*a - 2*t = 3*t, 4*a - 5*t = 5. Let n(c) = -4*c - 14. What is n(a)?
6
Suppose -1 = k, -5*f + 0*k = 2*k - 8. Let v(l) = -4*l**3 + 5*l**3 + 5*l - 7*l**f - 8 + 2*l. Let a be -2 + (1 - 1 - -8). Calculate v(a).
-2
Let g = -512 + 517. Let v(w) = 6*w - 4. Calculate v(g).
26
Suppose -71 + 31 = 8*c. Let t(p) = p**2 + 9*p + 8. Determine t(c).
-12
Let j(s) = -s**2 + 8*s + 1. Let t(l) be the third derivative of l**4/24 + l**3/6 - 9*l**2. Let z(r) = j(r) - 5*t(r). Determine z(4).
-8
Let p(f) = -2*f**3 - 13*f**2 - 5*f - 9. Let s(x) = -x**3 - 6*x**2 - 2*x - 4. Let t(v) = -2*p(v) + 5*s(v). Let m = 17 + -21. Give t(m).
-2
Suppose -4 = -2*f + 2. Let b(d) = 8*d**2 + 2*d + d**3 + f*d + d - 1. Let y be (-1)/((-2)/(-2 - 12)). Calculate b(y).
6
Let m = 33 + -8. Suppose 0 = -4*p - 5*q - 16, -4*q = -5*p + q + m. Suppose 4*c - k - p + 4 = 0, -14 = 2*c + 2*k. Let s(a) = a**2 + 4*a. What is s(c)?
-4
Let q(z) = 711*z**2 - 706*z**2 - z**3 - 579 + 569 - 2*z. Give q(4).
-2
Suppose 28*k + 155 = -3*k. Let m(b) = b**3 + 7*b**2 + 6*b - 6. Calculate m(k).
14
Let g(f) = f**3 - 9*f**2 + 9*f - 7. Let p be g(8). Let j(i) = p - 2*i + 1 + 5*i. Suppose -10 = 18*c - 13*c. Calculate j(c).
-4
Let r(z) = -z + 7. Let s be r(5). Let p(j) = 5 + 8 + 5*j - 1 - 4 - j**s. Calculate p(6).
2
Let g(s) be the second derivative of s**3/6 - s**2/2 - s. Let v be ((-6)/4)/(2/(-32)). Suppose i + 5*t = 3*t - 12, -t - v = 5*i. Calculate g(i).
-5
Suppose -11 = 5*j + 14. Let r = j - -9. Suppose 2*s + 0*s - r = 0. Let x(t) = -t**3 + 2*t + 1. What is x(s)?
-3
Let s(r) = r**3 - 9*r**2 + 7*r + 9. Let k(t) = -t**2 + t + 1. Let o(u) = 4*k(u) - s(u). Suppose 133 = 157*g - 495. Calculate o(g).
-1
Let i(f) = 47*f**2 - 1. Let z be i(-1). Suppose -7*j - z = -9*j. Suppose 3*d - 5*s + 1 = -0*d, 5*d - j = -4*s. Let v(w) = -w**2 + 2*w - 1. Calculate v(d).
-4
Let g(a) be the third derivative of 17*a**2 + 0 + 0*a - 1/60*a**6 - 1/24*a**4 + 1/30*a**5 - 1/3*a**3. Give g(2).
-12
Let w(y) = -y**2 + 11*y - 5. Let k be -18*((-44)/8 - -5). What is w(k)?
13
Let y(i) = 2*i**2 - 6*i - 4. Suppose -43 = 4*j - 2*n - 65, j - 3 = -2*n. Calculate y(j).
16
Let t(o) = o**3 + 2*o**2 - 1. Let d be t(1). Suppose 0 = 2*m + d*m - 24. Let f(h) = 5*h - 4*h - 2*h. Calculate f(m).
-6
Let g be (-870)/29*((-51)/(-15) + -3). Let y(k) = k + 6. Determine y(g).
-6
Let d(b) = -22*b - 8 + 7 + 27*b. Calculate d(6).
29
Let x be 2 + -3 + 3 + 1. Let k(p) = -22*p**2 + 6 + p**x - 25*p**2 - 4*p + 43*p**2. What is k(4)?
-10
Let p(f) be the second derivative of 0*f**2 + 0 + 1/6*f**3 + 23*f. What is p(2)?
2
Let t = -10 + 8. Let y(z) be the first derivative of z**4/4 + z**3 + z**2 - z - 19. Give y(t).
-1
Let v = 258 - 264. Let g(u) = -2*u + 7. Determine g(v).
19
Let y(u) = 6*u + 13*u - 35*u - 14 + 8*u + 7*u. Give y(-15).
1
Suppose 3*u - 12 = -u. Let b(r) = -2*r**3 + r + 8*r**2 - 4 + r + 3*r**3 - u*r. Let q be b(-8). Let h(m) = m**2 - 3*m + 1. Give h(q).
5
Let o(j) = -37*j - 24. Let f(n) = 105*n + 74. Let i(t) = -6*f(t) - 17*o(t). What is i(-16)?
-20
Let x be 8 + -3 + 1/2*-10. Let l be 66/14 + (-4)/(-14). Let g(y) = -l*y**2 - 4 + x*y**2 + 4*y**2 + 3*y. Determine g(3).
-4
Let m(c) be the first derivative of -c**3/3 - 7*c**2/2 + 8*c + 90. What is m(-8)?
0
Let w(f) be the second derivative of -2*f**2 - 1/60*f**5 + 0 + 1/24*f**4 - 4*f + f**3. Let p(c) be the first derivative of w(c). Calculate p(0).
6
Let a(r) be the first derivative of -r**3/3 + 2*r**2 - 14*r - 67. What is a(6)?
-26
Let r = 38 - 57. Let c = r + 15. Let m(w) = w**3 + 5*w**2 + 4*w + 3. Determine m(c).
3
Let q(r) be the third derivative of -r**5/60 + r**4/24 + r**3/6 - r**2. Let u(f) be the second derivative of -f**3/6 - 4*f**2 + 34*f. Let p be u(-7). Give q(p).
-1
Let f(z) be the second derivative of 0 + 1/3*z**3 - 3*z - 3/2*z**2. Suppose 0 = 4*l + 12, 4*h - 9*h + 10 = 5*l. What is f(h)?
7
Let p(i) = 7*i + 18. Let h(m) = 9 + 11*m + 9*m - 17*m. Let a(g) = 5*h(g) - 2*p(g). Give a(-10).
-1
Let l(q) = -q**3 + 12*q**2 + 10. Let b be l(12). Suppose 5*p - b*p = -30. Let d be (p/4)/(1/(-2)). Let w(f) = -f + 2. Give w(d).
5
Let j(m) = -m**3 - 6*m**2 - 3*m. Let k(d) = d**3 - 8*d**2 + 6*d + 3. Let q be k(7). Let i be (-18)/q - 2/4. Suppose -10 = i*v + 10. Calculate j(v).
-10
Let x(z) be the second derivative of z**4/12 - 5*z**3/3 + z**2/2 - 222*z. What is x(9)?
-8
Let z(n) = -n**2 - 15*n - 12. Suppose 2*y + 59 = -4*r + 3, -4*y = 2*r + 28. Determine z(r).
2
Let d(c) = 8*c - 4. Suppose 3*r - 2 = -4*h + 1, -4*r - 18 = -2*h. Let q(m) = 15*m - 9. Let i(y) = h*q(y) - 5*d(y). What is i(5)?
18
Let r be (-6)/4*6/(-3). Suppose -2*d - 4*k + 8 = -r*d, -3*d + k = 35. Let b = d - -8. Let o(u) = 4*u + 6. What is o(b)?
-10
Let f(z) be the second derivative of z**3/6 - z**2 + 5*z. Suppose 27 = -u - 5*j, -5*u + j - 5 = -0. Determine f(u).
-4
Let r = 3 + 0. Suppose -r = -3*a - 15. Let z(o) = -38*o + 20. Let n(g) = 7*g - 4. Let d(b) = 11*n(b) + 2*z(b). Give d(a).
-8
Let w(z) = -z + 1. Suppose -16*u = -15*u + 6. Give w(u).
7
Let q(n) = 2*n**2 - 22*n - 31. Let d(r) = r**2 - 11*r - 14. Let y(b) = 5*d(b) - 2*q(b). Determine y(10).
-18
Suppose 0 = -3*d + 4 - 1. Let o(a) = a**2 + 7 + a - 2*a**2 - 1 - 5. Let h(s) = 6*s**2 - 2*s - 1. Let n(l) = h(l) + o(l). Give n(d).
4
Let j(v) = 3*v**3 + v**2. Let r(f) = -14*f**3 + f**2 - f. Let a(k) = -5*j(k) - r(k). Calculate a(-6).
-6
Let f(k) = -k**2 + 2*k + 10. Let c be f(4). Let a(d) = 4*d + c*d**2 - 4*d - d + 1. Give a(-2).
11
Suppose -2*s + 3 + 0 = d, 0 =